{"id":275,"date":"2024-12-21T12:20:37","date_gmt":"2024-12-21T16:20:37","guid":{"rendered":"https:\/\/3wsistemas.wuaze.com\/?page_id=275"},"modified":"2024-12-21T12:20:37","modified_gmt":"2024-12-21T16:20:37","slug":"valores","status":"publish","type":"page","link":"https:\/\/3wsistemas.com\/?page_id=275","title":{"rendered":"Miss\u00e3o, Vis\u00e3o e Valores"},"content":{"rendered":"\n<p style=\"font-size:19px\"><strong><em>Miss\u00e3o<\/em><\/strong><br>Nossa Empresa tem como objetivo desenvolver solu\u00e7\u00f5es inovadoras que<br>transformem vidas e neg\u00f3cios. Fornecer tecnologia de ponta para melhorar a<br>efici\u00eancia e produtividade. Criar software que simplifique processos e melhore a<br>experi\u00eancia do usu\u00e1rio.<\/p>\n\n\n\n<p style=\"font-size:19px\"><br><strong><em>Vis\u00e3o<\/em><\/strong><br>A 3w Sistemas tem como objetivo ser l\u00edder em inova\u00e7\u00e3o e excel\u00eancia em<br>solu\u00e7\u00f5es de software voltados para automatiza\u00e7\u00e3o de processos online.<br>Revolucionar a forma como as empresas e pessoas trabalham e interagem<br>tornando a escolha perfeita em solu\u00e7\u00f5es de software de alta qualidade.<\/p>\n\n\n\n<p style=\"font-size:19px\"><br><strong><em>Valores<\/em><\/strong><br>Inova\u00e7\u00e3o: Buscar constantemente novas tecnologias e solu\u00e7\u00f5es.<br>Excel\u00eancia: Entregar produtos e servi\u00e7os de alta qualidade.<br>Colabora\u00e7\u00e3o: Trabalhar em equipe para alcan\u00e7ar objetivos comuns.<br>Foco no cliente: Atender \u00e0s necessidades e expectativas dos clientes.<br>Responsabilidade social: Contribuir para o bem-estar da sociedade.<br>Agilidade: Adaptar-se rapidamente \u00e0s mudan\u00e7as do mercado.<br>Transpar\u00eancia: Comunicar-se de forma clara e honesta.<br>Desenvolvimento cont\u00ednuo: Investir em capacita\u00e7\u00e3o e crescimento.<\/p>\n\n\n\n<p style=\"font-size:19px\"><\/p>\n","protected":false},"excerpt":{"rendered":"<p>Miss\u00e3oNossa Empresa tem como objetivo desenvolver solu\u00e7\u00f5es inovadoras quetransformem vidas e neg\u00f3cios. Fornecer tecnologia de ponta para melhorar aefici\u00eancia e produtividade. Criar software que simplifique processos e melhore aexperi\u00eancia do usu\u00e1rio. Vis\u00e3oA 3w Sistemas tem como objetivo ser l\u00edder em inova\u00e7\u00e3o e excel\u00eancia emsolu\u00e7\u00f5es de software voltados para automatiza\u00e7\u00e3o de processos online.Revolucionar a forma como [&hellip;]<\/p>\n","protected":false},"author":1,"featured_media":0,"parent":0,"menu_order":0,"comment_status":"closed","ping_status":"closed","template":"","meta":{"footnotes":""},"class_list":["post-275","page","type-page","status-publish","hentry"],"_links":{"self":[{"href":"https:\/\/3wsistemas.com\/index.php?rest_route=\/wp\/v2\/pages\/275","targetHints":{"allow":["GET"]}}],"collection":[{"href":"https:\/\/3wsistemas.com\/index.php?rest_route=\/wp\/v2\/pages"}],"about":[{"href":"https:\/\/3wsistemas.com\/index.php?rest_route=\/wp\/v2\/types\/page"}],"author":[{"embeddable":true,"href":"https:\/\/3wsistemas.com\/index.php?rest_route=\/wp\/v2\/users\/1"}],"replies":[{"embeddable":true,"href":"https:\/\/3wsistemas.com\/index.php?rest_route=%2Fwp%2Fv2%2Fcomments&post=275"}],"version-history":[{"count":0,"href":"https:\/\/3wsistemas.com\/index.php?rest_route=\/wp\/v2\/pages\/275\/revisions"}],"wp:attachment":[{"href":"https:\/\/3wsistemas.com\/index.php?rest_route=%2Fwp%2Fv2%2Fmedia&parent=275"}],"curies":[{"name":"wp","href":"https:\/\/api.w.org\/{rel}","templated":true}]}}