{"id":288,"date":"2024-12-24T11:33:45","date_gmt":"2024-12-24T15:33:45","guid":{"rendered":"https:\/\/3wsistemas.wuaze.com\/?page_id=288"},"modified":"2024-12-24T11:33:45","modified_gmt":"2024-12-24T15:33:45","slug":"desenvolvimento-personalizado","status":"publish","type":"page","link":"https:\/\/3wsistemas.com\/?page_id=288","title":{"rendered":"Desenvolvimento Personalizado"},"content":{"rendered":"<div class=\"wp-block-image\">\n<figure class=\"aligncenter size-full\"><img decoding=\"async\" src=\"http:\/\/3wsistemas.com\/wp-content\/uploads\/2024\/12\/1677161117434.jpg\" alt=\"\" class=\"wp-image-289\"\/><\/figure>\n<\/div>\n\n\n<p class=\"has-black-color has-text-color has-link-color wp-elements-f373fd4eca119cf446193a9422e7aa98\" style=\"font-size:20px\">A 3w sistemas, atua no segmento de software espec\u00edficos para agilizar a produtividade ou gerenciamento de a\u00e7\u00f5es de um determinado setor ou empresa. Nosso time busca solu\u00e7\u00f5es inteligentes para automatiza\u00e7\u00e3o de processos e servi\u00e7os, facilitando a opera\u00e7\u00e3o e o resultado final para o usu\u00e1rio<\/p>\n\n\n\n<p><\/p>\n","protected":false},"excerpt":{"rendered":"<p>A 3w sistemas, atua no segmento de software espec\u00edficos para agilizar a produtividade ou gerenciamento de a\u00e7\u00f5es de um determinado setor ou empresa. Nosso time busca solu\u00e7\u00f5es inteligentes para automatiza\u00e7\u00e3o de processos e servi\u00e7os, facilitando a opera\u00e7\u00e3o e o resultado final para o usu\u00e1rio<\/p>\n","protected":false},"author":1,"featured_media":0,"parent":0,"menu_order":0,"comment_status":"closed","ping_status":"closed","template":"page-templates\/page-full-width.php","meta":{"footnotes":""},"class_list":["post-288","page","type-page","status-publish","hentry"],"_links":{"self":[{"href":"https:\/\/3wsistemas.com\/index.php?rest_route=\/wp\/v2\/pages\/288","targetHints":{"allow":["GET"]}}],"collection":[{"href":"https:\/\/3wsistemas.com\/index.php?rest_route=\/wp\/v2\/pages"}],"about":[{"href":"https:\/\/3wsistemas.com\/index.php?rest_route=\/wp\/v2\/types\/page"}],"author":[{"embeddable":true,"href":"https:\/\/3wsistemas.com\/index.php?rest_route=\/wp\/v2\/users\/1"}],"replies":[{"embeddable":true,"href":"https:\/\/3wsistemas.com\/index.php?rest_route=%2Fwp%2Fv2%2Fcomments&post=288"}],"version-history":[{"count":0,"href":"https:\/\/3wsistemas.com\/index.php?rest_route=\/wp\/v2\/pages\/288\/revisions"}],"wp:attachment":[{"href":"https:\/\/3wsistemas.com\/index.php?rest_route=%2Fwp%2Fv2%2Fmedia&parent=288"}],"curies":[{"name":"wp","href":"https:\/\/api.w.org\/{rel}","templated":true}]}}